omposite number?
False
Let p(f) = 23*f + 12. Suppose 5*z - 3*x = 74, -2*x - 60 = -5*z + z. Let g = z + -5. Is p(g) prime?
False
Let c(s) = 1536*s - 46. Let j be c(4). Let p = j - 715. Is p prime?
False
Let o be (-170)/34 + (0 - 1). Let m(b) = 25*b**2 + 2*b + 6. Let y(j) = 24*j**2 + 3*j + 5. Let n(p) = -4*m(p) + 5*y(p). Is n(o) a composite number?
True
Suppose -315098 = -4*p - 3*p. Let t = p + -19592. Is (2/(-6))/((-2)/t) prime?
False
Let y(a) be the third derivative of -a**4/12 + 5*a**3/3 + 7*a**2. Let x be y(4). Suppose x*d - 1198 = 1864. Is d prime?
True
Let a be (12/(-9) - 0)/(12/(-18)). Is (-6)/9*(a + 3729/(-6)) prime?
False
Let t = -100 - -68. Is (-1594)/(-6)*8/(t/(-12)) a prime number?
True
Let s(n) = n + 3. Let j be 11/(-9) - 22/(-99). Let q be s(j). Is 1/(q + (-8865)/4435) prime?
True
Suppose 0*s = -2*u - 5*s - 121, 66 = -u + 3*s. Let c = u + 932. Is c a prime number?
False
Let q(z) = 14*z**3 - 24*z**2 - 71*z - 7. Is q(24) prime?
True
Let c be (6/2)/(4 + 150/(-42)). Suppose 0 = c*b - 6 - 22. Suppose 9*m - 11245 = b*m. Is m prime?
False
Suppose 30187 = 5*w + 2*j, j = w - 0*w - 6036. Is w a prime number?
True
Let s be 171/12 + (-75)/(-100). Suppose -2057 = s*w - 32*w. Is w composite?
True
Suppose v + 2*b - 31 = 89, -v + 5*b + 120 = 0. Suppose 116*g - v*g + 16420 = 0. Is g a composite number?
True
Let m(f) = 1497*f**3 - 3*f**2 - f + 3. Let t be m(2). Suppose -207*d = -202*d - t. Is d a composite number?
False
Suppose 0 = -x + 3609 + 441. Let t = x + 4864. Is t prime?
False
Let p = 7602 - -47989. Is p a composite number?
True
Let v be (-15)/(13/(65/(-15))). Suppose -v*p - 13*h + 14*h = -13020, -4*p + 10425 = h. Is p prime?
False
Suppose j = 5*y + 781356, -4*j - 2*y + 2588521 + 536881 = 0. Is j prime?
True
Suppose -458*c - 148062327 = -890143697. Is c a prime number?
False
Is (-1)/(3/(-18) + 0) - (-12529 + 26) prime?
False
Let r(w) = 180 + 41*w + 12 + 2*w**2 - 1436 + 4*w**2. Let h(o) = o**2 + 8*o - 249. Let v(j) = -11*h(j) + 2*r(j). Is v(0) a composite number?
False
Suppose -99 + 260 = -c. Let z be 9/(0 - 3/24). Let u = z - c. Is u composite?
False
Let m(i) = -11*i**3 + 12*i**2 - 147*i - 2961. Is m(-26) a prime number?
True
Suppose -21*z + 11528 = -13*z. Let n = z - 782. Is n a composite number?
False
Suppose -4*s + 12890 = -5*x, 16*x - 13*x - 5*s + 7721 = 0. Let j = x - -5691. Is j a composite number?
False
Let p(v) = -9*v - 6*v + 1 + 14*v. Let b be p(-1). Suppose -z = -b*z + n + 263, 4*z - 1024 = -3*n. Is z a composite number?
True
Let c(k) = k**3 + 18*k**2 - 37*k - 23. Let v be c(-24). Let y = v - -5738. Is y prime?
False
Let m = 185 + -185. Suppose 5*k - 45973 = 2*j + 1652, 5*k + 2*j - 47645 = m. Is k prime?
False
Suppose 85*c - 8363786 = -1302705 + 796914. Is c a composite number?
True
Let a(r) = 1496*r + 3. Let g(k) = 1499*k + 5. Let j(w) = -5*a(w) + 6*g(w). Is j(2) a composite number?
True
Let a(y) = y**3 + 23*y**2 + 16*y - 5. Let g(o) = 2*o**3 + 18*o**2 - 3*o + 17. Let z be g(-9). Let s be ((-35)/(-10) + -4)*z. Is a(s) composite?
False
Is (-72)/(-162) - (-2 - (-17321)/(-9)) composite?
True
Suppose 0 = 10*z - 4*z - 5*z. Suppose z = -2*c - 959 - 831. Let f = -528 - c. Is f prime?
True
Let t be 23/23*(-5)/((-5)/(-8928)). Let f = t + 18170. Is f a composite number?
True
Suppose 19*x = -5*x + 16920. Suppose -10*q + x = -7*q. Is q composite?
True
Let g(y) = 55571*y**2 + 21*y - 3. Is g(4) composite?
True
Suppose 40 - 16 = 6*r. Let m be 12/4 - (-8)/r. Suppose -m*l + 752 = -3*b + 6*b, -5*b = 4*l - 1262. Is b prime?
False
Suppose -2*q - 2*l - 592 = 0, -4*l + l - 294 = q. Let h = q - -442. Is h a prime number?
False
Let k(d) = -15504*d - 63. Let x be k(-5). Suppose -4*w - x = -5*v, 4*v = 6*v - 2*w - 30982. Is v composite?
False
Let i(d) be the second derivative of -31*d**5/5 + d**4/6 - 5*d**3/6 - 7*d**2/2 - 81*d. Is i(-2) composite?
True
Let u = -17338 + 28972. Let z be -74*(-2)/(-6)*u/(-28). Suppose 0 = 4*l - t - t - 8220, -5*l + z = 4*t. Is l composite?
False
Let s(x) = 20*x**3 + 6*x**2 - 3*x + 2. Let g be s(6). Is 3/5 + g/50 a composite number?
True
Let b(c) = 71*c**2 + 582*c - 9. Is b(32) a prime number?
False
Let w(i) = -7572*i - 523. Let n(f) = -1514*f - 105. Let q(k) = 11*n(k) - 2*w(k). Is q(-2) prime?
False
Let i be (-344)/(-16) + (-2)/(-4). Let l = 23 - i. Suppose -5*c + 2387 = -2*r, 2*r = l + 7. Is c a composite number?
False
Let g(v) = 1810*v**2 - 3*v - 2. Let i = -179 - -178. Is g(i) composite?
False
Let z = 6257 - 4264. Let b = z - -11230. Is b prime?
False
Let m = 71 + -68. Let c(s) = s + 4. Let u be c(m). Let v(b) = 3*b**3 - 9*b**2 - 7*b - 4. Is v(u) prime?
False
Let w(z) = 8*z**3 - 227*z**2 - 13*z - 65. Is w(39) a prime number?
False
Let v be -2 + 22071/8 + 2/16. Suppose -d = -4*y - v, 0 = 4*d + 3*y - 11668 + 640. Is d a composite number?
True
Let v be 84/(-63) + 74/(-3). Let u = v - -26. Suppose u*m = -m + 51. Is m composite?
True
Let z be 26*(-1 - 6/(-4)). Suppose 512*y = 516*y + 3*j - 3340, -y - j + 835 = 0. Suppose 12*q - z*q = -y. Is q prime?
False
Let r(d) = 2824*d**2 + 717*d - 4233. Is r(6) a prime number?
False
Suppose -2*n = -3 - 5. Suppose -3 = f - n. Is f - (2 + 3) - -87 a prime number?
True
Let z(j) = -j**3 - 52*j**2 - 165*j - 141. Is z(-50) composite?
False
Let n be (1 - 0)*(0 + 4). Suppose k = 3*k - n*a + 1524, 2291 = -3*k + 5*a. Let q = 2465 + k. Is q prime?
True
Suppose 22*g = -1018460 + 3368566. Is g a prime number?
True
Let n(i) = -1527*i + 1465. Is n(-14) a composite number?
True
Suppose -159*p - 3*c = -163*p + 95915, -p = 5*c - 23996. Is p a prime number?
True
Suppose -4*a - 2*b = -13531 - 989, -5*b - 10864 = -3*a. Let d = a + 31. Is d a prime number?
True
Let a(z) be the second derivative of 49*z**4/12 - 3*z**3/2 + 87*z**2/2 - 43*z + 1. Is a(6) a composite number?
True
Let k = -37750 - -70759. Is k a prime number?
False
Suppose -5*b + 2*a + 17 = -2*b, 0 = -3*b + a + 16. Suppose -145032 = -4*t - 4*m, 2*t - 2110 - 70421 = -b*m. Is t a prime number?
False
Suppose 320*x - 5394912 - 1167328 = 0. Is x a composite number?
False
Let q be 112058/16 + 108/32 + -3. Suppose 19*w - 20*w + 2353 = 4*a, a = -3*w + q. Is w composite?
False
Let k(d) = -3*d**3 + 5*d**2 - 12*d + 5. Let i be 60/(-5) - (-4 + 1). Is k(i) prime?
False
Let b(g) = 509*g + 15. Suppose -10*i + 54 = -7*i. Suppose 7*d - 10 - i = 0. Is b(d) a composite number?
True
Suppose -15*g + 504 = 6*g. Let y be ((-6)/(-4))/(72/96). Is (((-14166)/g)/(y/8))/(-3) prime?
True
Let k(s) = 426*s**3 - 12*s**2 - 33*s + 101. Is k(4) a composite number?
True
Suppose 3*w = -2*w + 5*g + 2575, 2*w + 2*g - 1010 = 0. Is ((-17)/(w/(-11052)))/((-2)/(-5)) prime?
False
Let d(u) = -u**3 + 20*u**2 + 18*u + 38. Let x be d(21). Is x*(2682/(-30) + -4) prime?
False
Let z(s) = -13*s + 5. Let v be z(-4). Suppose -c + 12 - 32 = 0. Let p = c + v. Is p composite?
False
Let h(x) = -61*x + 1. Let q be h(4). Suppose -2*w + 4*y + 1220 = 0, 26*y = -4*w + 31*y + 2437. Let z = w + q. Is z prime?
False
Suppose p - 7047 = -2*d, -3*p - 5*d = -3*d - 21157. Let t(v) = -5*v**3 + 2*v**2 + v. Let s be t(-1). Suppose -o = -s*o + p. Is o composite?
True
Let i(f) = -2*f - 30. Let c be i(-21). Is -51*(4/c)/(2/(-14)) a prime number?
False
Let z be (-28)/35 + 11/(-5). Let x(h) = -225*h - 2. Is x(z) prime?
True
Let a(w) = -w + 7. Suppose 3*l + 34 = 13. Let x be a(l). Suppose x*r + 1477 = 8183. Is r prime?
True
Let k(y) = y**3 + 6*y**2 + 7*y + 15. Let n be k(-5). Suppose 0 = -10*f + n*f. Suppose -2*j = -q - f*q - 2484, -3*q = -6. Is j prime?
False
Suppose 2*x + 5*k = 24, x + 48 = 5*x - 2*k. Suppose 4*a = -3*n + 2*n - 37, x = 4*n. Is 1 + a/6 + 2737/51 a composite number?
False
Suppose 12*v = 269666 + 15046. Is v a prime number?
False
Let w(i) be the second derivative of 3*i**5/20 - 41*i**4/24 + 25*i**3/6 + 25*i**2/2 - 17*i. Let s(q) be the first derivative of w(q). Is s(19) prime?
False
Let f = 34610 + -51020. Is ((-6)/(-18))/((-2)/f) composite?
True
Let p(l) = 6*l + 34. Suppose -8 = -4*u, 4*u + 14 = -4*k + u. Let g be p(k). Let h(a) = 20*a**3 - 6*a**2 + 15*a + 5. Is h(g) prime?
True
Let o(x) = 1938*x**2 - 73*x + 716. Is o(9) a composite number?
False
Suppose 602*f + 256995 = 611*f. Is f a prime number?
False
Suppose 2*h - 3*w + 9 = -2, -h - 3*w + 17 = 0. Let x(j) = 31*j**2 + 3. Is x(h) prime?
True
Let h(d) = 54*d